when r is divided by 73?
11
Let b = -110 - -121. Calculate the remainder when 1*(0 + 18 + 1) is divided by b.
8
Let d = -684 - -703. What is the remainder when 92 is divided by d?
16
Let u = -827 + 480. Let s = u - -489. What is the remainder when (-1)/2*-1*s is divided by 18?
17
Suppose -4*r + 2 + 2 = 0. Let g be ((-2)/(-4))/(r/10). Suppose 4*n + g*b - 7 = 0, -32 = 4*b - 12. What is the remainder when n is divided by 5?
3
Let o(n) = n + 42. What is the remainder when 88 is divided by o(-12)?
28
Let g = -51 - -30. Calculate the remainder when 102 is divided by 3/g - (-183)/7.
24
Suppose 2*s + 0*c - 5*c = 14, -c + 8 = 5*s. Calculate the remainder when 94 is divided by s + (0 - 50/(-5)).
10
Suppose 0 = -2*x - r + 6*r + 10, 0 = -5*x + r + 25. Suppose 0 = x*n - 5*d - 1 - 64, 0 = 2*n + 3*d - 36. What is the remainder when 44 is divided by n?
14
Suppose -9*m + 360 = -4*m. Suppose 13*t + m = 16*t. Calculate the remainder when 141 is divided by t.
21
Let d(n) = -5*n**2 + 3*n + 0*n + 3 + 22*n**2. Calculate the remainder when d(-1) is divided by 5.
2
Let j = 819 + -570. What is the remainder when j is divided by 10?
9
Suppose 5*b = -n + 652, 4*b - 2*b = 5*n + 250. Calculate the remainder when b is divided by 29.
14
Suppose -u = -2*j - 2*j - 89, 356 = 4*u + 4*j. Suppose -182 = -10*l + 48. Calculate the remainder when u is divided by l.
20
Let p(c) = -59*c - 118. Let u(l) = 3*l**2 + 2*l - 3. What is the remainder when p(-4) is divided by u(3)?
28
Let d(x) = 15*x + 35. Suppose -49 = r - 57. What is the remainder when d(r) is divided by 39?
38
Let z(a) be the second derivative of -a**4/12 - 17*a**3/6 - 23*a**2/2 - 29*a. What is the remainder when 109 is divided by z(-13)?
22
Suppose -33*q + 41*q - 11424 = 0. What is the remainder when q is divided by 13?
11
Let i = -186 + 187. What is the remainder when 2 is divided by i?
0
What is the remainder when 910 is divided by (114/8)/(17/68)?
55
Let l(m) be the third derivative of 0*m + 7/24*m**4 + 0 - 1/60*m**5 - m**2 - m**3. Calculate the remainder when 11 is divided by l(5).
3
Suppose 69*p + 195 = 1851. Calculate the remainder when 69 is divided by p.
21
Suppose -3*c - 455 = -5*u - 1412, -951 = -3*c + 3*u. Calculate the remainder when c is divided by 7.
6
Let x(h) = -h**3 + 32*h**2 + 36*h - 84. Calculate the remainder when 629 is divided by x(33).
14
Suppose 3*t = -2*f + 119, -2*f + 3*t - 2*t = -131. Let x = 9 + 4. What is the remainder when f is divided by x?
12
Let y(j) = 4*j + 28. Calculate the remainder when 52 is divided by y(-3).
4
Let d(b) = b - 1. Let a be d(6). Let y(z) = -z**3 + 7*z**2 + z + 7. What is the remainder when y(a) is divided by 16?
14
Let x(s) = -s**3 - s**2 - 1. Let f(w) = 5*w**3 - 16*w**2 - w + 8. Let z(c) = f(c) + 6*x(c). Calculate the remainder when 45 is divided by z(-22).
21
Suppose -4*v - 5*m + 1130 = 0, -2*v + 2*m = 2*v - 1144. Suppose -o - 195 = -v. What is the remainder when o is divided by 27?
9
Suppose -s + 3*f = 3, -3*s + 2*f + 21 = -f. Let x = -1 + s. What is the remainder when 21 is divided by x?
10
Suppose -3*t + 2 = 5. Suppose 0 = -4*k - f + 79 + 45, -4*f = -3*k + 74. What is the remainder when k is divided by t/(30/16 - 2)?
6
Suppose 4*d - 9 = -1. Suppose -3*u - 24 = -3*f, d*f + 4*u - 36 = -8. What is the remainder when 28 is divided by f?
8
Suppose 0 = -n - 3*s + 106, -3*n = 92*s - 96*s - 331. Calculate the remainder when 648 is divided by n.
103
What is the remainder when ((-4)/6)/(10/(-1245)) is divided by 5?
3
Let s(a) = 34*a - 61. Calculate the remainder when s(8) is divided by 53.
52
Let w(f) = -f**2 + 16*f + 4. Calculate the remainder when w(12) is divided by 52.
0
Let h(t) be the third derivative of -t**6/120 - 7*t**5/60 + t**4/4 + 5*t**3/3 - 5*t**2. Calculate the remainder when (-5)/25 + 1158/15 is divided by h(-8).
25
Calculate the remainder when (-14)/147 + (-14368)/(-42) is divided by 43.
41
Let s = 128 + -83. Let v = 8707 - 8691. Calculate the remainder when s is divided by v.
13
Suppose -103*c = -102*c - 13. What is the remainder when 217 is divided by c?
9
Suppose -12*c = -7*c - 15. Suppose o + c*o = 16. Suppose 9*x - 36 = -4*u + o*x, 5*u = -2*x + 62. Calculate the remainder when 26 is divided by u.
12
Let q(w) = -8*w**3 - 7*w - 24. Let r(t) = -3*t**3 - 2*t - 8. Let h(j) = 2*q(j) - 7*r(j). What is the remainder when h(3) is divided by 36?
35
Let v = 49 - 87. Let o = 120 + v. Calculate the remainder when o is divided by 17.
14
Suppose -5*s + 30 = -4*x - 24, -s - 5*x + 5 = 0. Calculate the remainder when 77 is divided by s.
7
Let q(f) = 2*f**2 - 18*f + 1. Suppose 3*n + 2*w - 11 = -2*w, -5*w = 3*n - 7. Let b be q(n). Calculate the remainder when 3/b - (-44 - -19) is divided by 5.
3
Suppose 0 = -4*g + 142 + 258. Suppose 0*f + 5*f - g = 4*x, -x = 4*f - 80. Suppose 0*h - h + f = 0. Calculate the remainder when 38 is divided by h.
18
Suppose -2*o - o = d + 13, -28 = -4*d + 4*o. Suppose f + 31 = d*f. Calculate the remainder when f is divided by 19.
12
Suppose 1 = 80*t - 79*t, -194 = -p + 5*t. What is the remainder when p is divided by 41?
35
Let f(a) be the first derivative of -a**4/4 - 8*a**3/3 - 9*a**2/2 - 3*a + 2. Let m be f(-6). Calculate the remainder when 83 is divided by m/14*(-68)/6.
15
Suppose 2*t = -t + 2850. What is the remainder when t is divided by 119?
117
Let u(n) be the second derivative of -1/20*n**5 + 2*n**2 + 0 + 5/6*n**3 + 5*n - 7/12*n**4. Calculate the remainder when 82 is divided by u(-8).
26
Let h(f) = 5*f**2 - 85*f + 15. Let l = 11 - 6. Suppose -p = l*c - 137, 0 = 2*c - 0*c - 4*p - 68. Calculate the remainder when c is divided by h(17).
13
Let o(u) = -u**2 - 14*u - 7. Let k be o(-13). Let l(a) = 14*a - 31. Calculate the remainder when l(k) is divided by 14.
11
What is the remainder when (-427)/(-4) + (-154)/88 is divided by 12?
9
Let v = 1791 - 1575. What is the remainder when 659 is divided by v?
11
Suppose -3*g = -2*g + 2*v + 51, -4*v = -5*g - 325. Let w = g + 101. Calculate the remainder when w is divided by 6.
4
Let o(w) = w**3 - 10*w**2 + 7*w - 13. Let d be o(9). Calculate the remainder when -1 + 3 + (-2 - d) is divided by 18.
13
Let f be 2/4*-4*7. Let l = -11 - f. Suppose -l*d + 17 = -28. What is the remainder when d is divided by 9?
6
Suppose -8*z = -372 - 564. Calculate the remainder when 699 is divided by z.
114
Let k = -235 - -258. Calculate the remainder when 34 is divided by k.
11
Let y = 378 + -344. Calculate the remainder when y is divided by 3.
1
Suppose -4*p - 21 = -5*k, -k = -4*p - 2 + 1. Calculate the remainder when 23 is divided by ((-85)/(-20) - p)/((-1)/(-4)).
10
Let h(t) = -t**3 + 5*t**2 + 9*t - 12. Let z be h(6). Let n(c) = c**3 - 4*c**2 + c - 1. Calculate the remainder when n(z) is divided by 26.
25
Let w = 530 - 354. What is the remainder when w is divided by 43?
4
Let b = 924 - 869. Calculate the remainder when 176 is divided by b.
11
Suppose -2*n = -5*n + 120. Suppose -5*a - 20 + 85 = 5*c, 4*c = 5*a + 61. What is the remainder when n is divided by c?
12
Let r(h) = h**3 - 5*h**2 + 4*h + 2. Let b be r(4). Suppose b*v + 3*v - 85 = 0. What is the remainder when 25 is divided by (-1 - 3) + 2 + v?
10
Let i(s) = 11*s**2 - 2*s + 3. Let a = 12 + 35. What is the remainder when a is divided by i(1)?
11
Suppose -35*v + 30*v + 65 = 0. Calculate the remainder when 31 is divided by v.
5
Let w(c) = -c + 3. Let b be w(3). Suppose 2*u - 2 + 6 = b. Calculate the remainder when 0*u/4 - -83 is divided by 28.
27
Let r(v) = -v**3 + 11*v**2 - 2*v + 19. Let j be r(11). Calculate the remainder when -3 - 0 - -49 - (0 + j) is divided by 10.
9
Let b be 10/(-1 - 14/(-10)). Suppose 2*w + d - b = 17, 99 = 5*w + d. Calculate the remainder when 2/(-3 + (-86)/(-28))*2 is divided by w.
18
Let d(i) = -3*i - 2. Calculate the remainder when d(-6) is divided by (12/(-5))/(1/((-200)/830) - -4).
0
Let t(g) = 2 - 5*g + 1 - 17*g - 16. Calculate the remainder when t(-6) is divided by 30.
29
Suppose 132*l - 5780 = 112*l. What is the remainder when l is divided by 56?
9
Let g = -137 + 359. Let j be g/(-15) + (-1)/5. Let x = 17 + j. What is the remainder when 7 is divided by x?
1
Suppose -64*x + 40*x = -6408. Calculate the remainder when x is divided by 30.
27
Suppose -a - 2 = -2*a, -5*p - 5*a = -30. Suppose -f - 2*t = -2 - 1, -p*t = -2*f + 14. Calculate the